{"id":18,"date":"2025-06-10T13:22:46","date_gmt":"2025-06-10T11:22:46","guid":{"rendered":"https:\/\/nierenzentrum-ilm-kreis.s1135308.keymachine.de\/?page_id=18"},"modified":"2025-06-12T12:56:10","modified_gmt":"2025-06-12T10:56:10","slug":"dialyse-arnstadt","status":"publish","type":"page","link":"https:\/\/nierenzentrum-ilm-kreis.s1135308.keymachine.de\/?page_id=18","title":{"rendered":"Dialyse &#8211; Arnstadt"},"content":{"rendered":"\t\t<div data-elementor-type=\"wp-page\" data-elementor-id=\"18\" class=\"elementor elementor-18\" data-elementor-post-type=\"page\">\n\t\t\t\t<div class=\"elementor-element elementor-element-be1e117 e-flex e-con-boxed e-con e-parent\" data-id=\"be1e117\" data-element_type=\"container\">\n\t\t\t\t\t<div class=\"e-con-inner\">\n\t\t\t\t<div class=\"elementor-element elementor-element-f8b6b0d elementor-widget elementor-widget-heading\" data-id=\"f8b6b0d\" data-element_type=\"widget\" data-widget_type=\"heading.default\">\n\t\t\t\t<div class=\"elementor-widget-container\">\n\t\t\t\t\t<h2 class=\"elementor-heading-title elementor-size-default\">Dialyse Arnstadt<\/h2>\t\t\t\t<\/div>\n\t\t\t\t<\/div>\n\t\t\t\t\t<\/div>\n\t\t\t\t<\/div>\n\t\t<div class=\"elementor-element elementor-element-ccced0a e-flex e-con-boxed e-con e-parent\" data-id=\"ccced0a\" data-element_type=\"container\">\n\t\t\t\t\t<div class=\"e-con-inner\">\n\t\t\t\t<div class=\"elementor-element elementor-element-3ab91a9 elementor-widget elementor-widget-spacer\" data-id=\"3ab91a9\" data-element_type=\"widget\" data-widget_type=\"spacer.default\">\n\t\t\t\t<div class=\"elementor-widget-container\">\n\t\t\t\t\t\t\t<div class=\"elementor-spacer\">\n\t\t\t<div class=\"elementor-spacer-inner\"><\/div>\n\t\t<\/div>\n\t\t\t\t\t\t<\/div>\n\t\t\t\t<\/div>\n\t\t\t\t<div class=\"elementor-element elementor-element-5697269 elementor-widget elementor-widget-html\" data-id=\"5697269\" data-element_type=\"widget\" data-widget_type=\"html.default\">\n\t\t\t\t<div class=\"elementor-widget-container\">\n\t\t\t\t\t<!DOCTYPE html>\n<html lang=\"de\">\n<head>\n  <meta charset=\"UTF-8\">\n  <meta name=\"viewport\" content=\"width=device-width, initial-scale=1.0\">\n  <title>Dienstleistungen<\/title>\n  <script src=\"https:\/\/cdn.tailwindcss.com\"><\/script>\n  <style>\n    .custom-red { color: #E60100; }\n    .custom-gray { color: #54595F; }\n  <\/style>\n<\/head>\n<body class=\"bg-gray-100\">\n  <section class=\"py-12 px-4 sm:px-6 lg:px-8\">\n    <div class=\"max-w-7xl mx-auto\">\n      <h2 class=\"text-3xl md:text-4xl font-bold text-center custom-red mb-10\">\n        Leistungen\n      <\/h2>\n      <div class=\"grid grid-cols-1 sm:grid-cols-2 lg:grid-cols-3 gap-6\">\n        <!-- Card 1: H\u00e4modialyse und Peritonealdialyse -->\n        <div class=\"bg-white rounded-lg shadow-lg p-6 transform hover:scale-105 transition-transform duration-300\">\n          <div class=\"flex items-center mb-4\">\n            <svg class=\"w-8 h-8 custom-red mr-3\" fill=\"none\" stroke=\"currentColor\" viewBox=\"0 0 24 24\" xmlns=\"http:\/\/www.w3.org\/2000\/svg\">\n              <path stroke-linecap=\"round\" stroke-linejoin=\"round\" stroke-width=\"2\" d=\"M9 12h6m-6 4h6m2-12H7a2 2 0 00-2 2v12a2 2 0 002 2h10a2 2 0 002-2V6a2 2 0 00-2-2z\"><\/path>\n            <\/svg>\n            <h3 class=\"text-xl font-semibold custom-gray\">Dialysebehandlungen<\/h3>\n          <\/div>\n          <p class=\"custom-gray\">H\u00e4modialyse und Peritonealdialyse mit modernster Technologie f\u00fcr optimale Versorgung.<\/p>\n        <\/div>\n        <!-- Card 2: Lipidapherese -->\n        <div class=\"bg-white rounded-lg shadow-lg p-6 transform hover:scale-105 transition-transform duration-300\">\n          <div class=\"flex items-center mb-4\">\n            <svg class=\"w-8 h-8 custom-red mr-3\" fill=\"none\" stroke=\"currentColor\" viewBox=\"0 0 24 24\" xmlns=\"http:\/\/www.w3.org\/2000\/svg\">\n              <path stroke-linecap=\"round\" stroke-linejoin=\"round\" stroke-width=\"2\" d=\"M7 16a4 4 0 01-.88-7.903A5 5 0 0115.9 6L16 6a5 5 0 011 9.9M15 13l-3-3m0 0l-3 3m3-3v12\"><\/path>\n            <\/svg>\n            <h3 class=\"text-xl font-semibold custom-gray\">Lipidapherese<\/h3>\n          <\/div>\n          <p class=\"custom-gray\">Spezialisierte Behandlung zur Entfernung von Lipiden aus dem Blut f\u00fcr Ihre Gesundheit.<\/p>\n        <\/div>\n        <!-- Card 3: Modernste Dialyseger\u00e4te -->\n        <div class=\"bg-white rounded-lg shadow-lg p-6 transform hover:scale-105 transition-transform duration-300\">\n          <div class=\"flex items-center mb-4\">\n            <svg class=\"w-8 h-8 custom-red mr-3\" fill=\"none\" stroke=\"currentColor\" viewBox=\"0 0 24 24\" xmlns=\"http:\/\/www.w3.org\/2000\/svg\">\n              <path stroke-linecap=\"round\" stroke-linejoin=\"round\" stroke-width=\"2\" d=\"M10.325 4.317c.426-1.756 2.74-1.243 3.2.517.36.588 1.32.588 1.68 0 .47-1.76 2.784-1.248 3.26.508l3.52 13.174H2.98L6.5 5.325z\"><\/path>\n            <\/svg>\n            <h3 class=\"text-xl font-semibold custom-gray\">Modernste Dialyseger\u00e4te<\/h3>\n          <\/div>\n          <p class=\"custom-gray\">Einsatz hochmoderner Ger\u00e4te f\u00fcr sichere und effiziente Behandlungen.<\/p>\n        <\/div>\n        <!-- Card 4: Notfalldialysen jederzeit m\u00f6glich -->\n        <div class=\"bg-white rounded-lg shadow-lg p-6 transform hover:scale-105 transition-transform duration-300\">\n          <div class=\"flex items-center mb-4\">\n            <svg class=\"w-8 h-8 custom-red mr-3\" fill=\"none\" stroke=\"currentColor\" viewBox=\"0 0 24 24\" xmlns=\"http:\/\/www.w3.org\/2000\/svg\">\n              <path stroke-linecap=\"round\" stroke-linejoin=\"round\" stroke-width=\"2\" d=\"M12 8v4l3 3m6-3a9 9 0 11-18 0 9 9 0 0118 0z\"><\/path>\n            <\/svg>\n            <h3 class=\"text-xl font-semibold custom-gray\">Notfalldialysen<\/h3>\n          <\/div>\n          <p class=\"custom-gray\">Jederzeit verf\u00fcgbare Notfalldialysen f\u00fcr Ihre Sicherheit.<\/p>\n        <\/div>\n        <!-- Card 5: Vorbereitung zur Nierentransplantation -->\n        <div class=\"bg-white rounded-lg shadow-lg p-6 transform hover:scale-105 transition-transform duration-300\">\n          <div class=\"flex items-center mb-4\">\n            <svg class=\"w-8 h-8 custom-red mr-3\" fill=\"none\" stroke=\"currentColor\" viewBox=\"0 0 24 24\" xmlns=\"http:\/\/www.w3.org\/2000\/svg\">\n              <path stroke-linecap=\"round\" stroke-linejoin=\"round\" stroke-width=\"2\" d=\"M4.318 6.318a4.5 4.5 0 000 6.364L12 20.364l7.682-7.682a4.5 4.5 0 00-6.364-6.364L12 7.636l-1.318-1.318a4.5 4.5 0 00-6.364 0z\"><\/path>\n            <\/svg>\n            <h3 class=\"text-xl font-semibold custom-gray\">Nierentransplantation<\/h3>\n          <\/div>\n          <p class=\"custom-gray\">Professionelle Vorbereitung und Begleitung f\u00fcr Ihre Nierentransplantation.<\/p>\n        <\/div>\n        <!-- Card 6: Klimatisierte Patientenr\u00e4ume mit TV+Radio -->\n        <div class=\"bg-white rounded-lg shadow-lg p-6 transform hover:scale-105 transition-transform duration-300\">\n          <div class=\"flex items-center mb-4\">\n            <svg class=\"w-8 h-8 custom-red mr-3\" fill=\"none\" stroke=\"currentColor\" viewBox=\"0 0 24 24\" xmlns=\"http:\/\/www.w3.org\/2000\/svg\">\n              <path stroke-linecap=\"round\" stroke-linejoin=\"round\" stroke-width=\"2\" d=\"M9 5H7a2 2 0 00-2 2v12a2 2 0 002 2h10a2 2 0 002-2V7a2 2 0 00-2-2h-2M9 5a2 2 0 002 2h2a2 2 0 002-2M9 5a2 2 0 012-2h2a2 2 0 012 2\"><\/path>\n            <\/svg>\n            <h3 class=\"text-xl font-semibold custom-gray\">Komfort<\/h3>\n          <\/div>\n          <p class=\"custom-gray\">Klimatisierte Patientenr\u00e4ume mit TV und Radio f\u00fcr Ihr Wohlbefinden.<\/p>\n        <\/div>\n        <!-- Card 7: Feriendialyse m\u00f6glich -->\n        <div class=\"bg-white rounded-lg shadow-lg p-6 transform hover:scale-105 transition-transform duration-300\">\n          <div class=\"flex items-center mb-4\">\n            <svg class=\"w-8 h-8 custom-red mr-3\" fill=\"none\" stroke=\"currentColor\" viewBox=\"0 0 24 24\" xmlns=\"http:\/\/www.w3.org\/2000\/svg\">\n              <path stroke-linecap=\"round\" stroke-linejoin=\"round\" stroke-width=\"2\" d=\"M5 3v4M3 5h4m14 0h-4m4 4h-4M5 17v4m-2-2h4m10 0h-4m4-4h-4M3 9l9-4 9 4M3 15l9 4 9-4\"><\/path>\n            <\/svg>\n            <h3 class=\"text-xl font-semibold custom-gray\">Feriendialyse<\/h3>\n          <\/div>\n          <p class=\"custom-gray\">Flexible Dialyse w\u00e4hrend Ihres Urlaubs \u2013 wir machen es m\u00f6glich.<\/p>\n        <\/div>\n        <!-- Card 8: Behandlung Hepatitis B\/C positiver Patienten -->\n        <div class=\"bg-white rounded-lg shadow-lg p-6 transform hover:scale-105 transition-transform duration-300\">\n          <div class=\"flex items-center mb-4\">\n            <svg class=\"w-8 h-8 custom-red mr-3\" fill=\"none\" stroke=\"currentColor\" viewBox=\"0 0 24 24\" xmlns=\"http:\/\/www.w3.org\/2000\/svg\">\n              <path stroke-linecap=\"round\" stroke-linejoin=\"round\" stroke-width=\"2\" d=\"M12 9v2m0 4v2m-7-8h14M5 7a2 2 0 00-2 2v6a2 2 0 002 2h14a2 2 0 002-2V9a2 2 0 00-2-2H5z\"><\/path>\n            <\/svg>\n            <h3 class=\"text-xl font-semibold custom-gray\">Hepatitis B\/C Behandlung<\/h3>\n          <\/div>\n          <p class=\"custom-gray\">Spezialisierte Behandlung f\u00fcr Hepatitis B\/C positive Patienten.<\/p>\n        <\/div>\n        <!-- Card 9: Dialysen f\u00fcr die Stationen der Ilm-Kreis-Kliniken -->\n        <div class=\"bg-white rounded-lg shadow-lg p-6 transform hover:scale-105 transition-transform duration-300\">\n          <div class=\"flex items-center mb-4\">\n            <svg class=\"w-8 h-8 custom-red mr-3\" fill=\"none\" stroke=\"currentColor\" viewBox=\"0 0 24 24\" xmlns=\"http:\/\/www.w3.org\/2000\/svg\">\n              <path stroke-linecap=\"round\" stroke-linejoin=\"round\" stroke-width=\"2\" d=\"M19 21V5a2 2 0 00-2-2H7a2 2 0 00-2 2v16m14 0h2m-2 0h-2\"><\/path>\n            <\/svg>\n            <h3 class=\"text-xl font-semibold custom-gray\">Klinik-Dialyse<\/h3>\n          <\/div>\n          <p class=\"custom-gray\">Dialysen f\u00fcr die Stationen der Ilm-Kreis-Kliniken mit h\u00f6chster Sorgfalt.<\/p>\n        <\/div>\n        <!-- Card 10: Speise- und Getr\u00e4nkeversorgung -->\n        <div class=\"bg-white rounded-lg shadow-lg p-6 transform hover:scale-105 transition-transform duration-300\">\n          <div class=\"flex items-center mb-4\">\n            <svg class=\"w-8 h-8 custom-red mr-3\" fill=\"none\" stroke=\"currentColor\" viewBox=\"0 0 24 24\" xmlns=\"http:\/\/www.w3.org\/2000\/svg\">\n              <path stroke-linecap=\"round\" stroke-linejoin=\"round\" stroke-width=\"2\" d=\"M3 21v-4m0 0V5a2 2 0 012-2h6.5l1 1H19a2 2 0 012 2v12a2 2 0 01-2 2H5a2 2 0 01-2-2z\"><\/path>\n            <\/svg>\n            <h3 class=\"text-xl font-semibold custom-gray\">Verpflegung<\/h3>\n          <\/div>\n          <p class=\"custom-gray\">Speise- und Getr\u00e4nkeversorgung w\u00e4hrend der Dialyse f\u00fcr Ihr Wohl.<\/p>\n        <\/div>\n      <\/div>\n    <\/div>\n  <\/section>\n<\/body>\n<\/html>\t\t\t\t<\/div>\n\t\t\t\t<\/div>\n\t\t\t\t\t<\/div>\n\t\t\t\t<\/div>\n\t\t\t\t<\/div>\n\t\t","protected":false},"excerpt":{"rendered":"<p>Dialyse Arnstadt Dienstleistungen Leistungen Dialysebehandlungen H\u00e4modialyse und Peritonealdialyse mit modernster Technologie f\u00fcr optimale Versorgung. Lipidapherese Spezialisierte Behandlung zur Entfernung von Lipiden aus dem Blut f\u00fcr Ihre Gesundheit. Modernste Dialyseger\u00e4te Einsatz hochmoderner Ger\u00e4te f\u00fcr sichere und effiziente Behandlungen. Notfalldialysen Jederzeit verf\u00fcgbare Notfalldialysen f\u00fcr Ihre Sicherheit. Nierentransplantation Professionelle Vorbereitung und Begleitung f\u00fcr Ihre Nierentransplantation. Komfort Klimatisierte Patientenr\u00e4ume [&hellip;]<\/p>\n","protected":false},"author":2,"featured_media":0,"parent":16,"menu_order":0,"comment_status":"closed","ping_status":"closed","template":"elementor_header_footer","meta":{"footnotes":""},"class_list":["post-18","page","type-page","status-publish","hentry"],"_links":{"self":[{"href":"https:\/\/nierenzentrum-ilm-kreis.s1135308.keymachine.de\/index.php?rest_route=\/wp\/v2\/pages\/18","targetHints":{"allow":["GET"]}}],"collection":[{"href":"https:\/\/nierenzentrum-ilm-kreis.s1135308.keymachine.de\/index.php?rest_route=\/wp\/v2\/pages"}],"about":[{"href":"https:\/\/nierenzentrum-ilm-kreis.s1135308.keymachine.de\/index.php?rest_route=\/wp\/v2\/types\/page"}],"author":[{"embeddable":true,"href":"https:\/\/nierenzentrum-ilm-kreis.s1135308.keymachine.de\/index.php?rest_route=\/wp\/v2\/users\/2"}],"replies":[{"embeddable":true,"href":"https:\/\/nierenzentrum-ilm-kreis.s1135308.keymachine.de\/index.php?rest_route=%2Fwp%2Fv2%2Fcomments&post=18"}],"version-history":[{"count":29,"href":"https:\/\/nierenzentrum-ilm-kreis.s1135308.keymachine.de\/index.php?rest_route=\/wp\/v2\/pages\/18\/revisions"}],"predecessor-version":[{"id":366,"href":"https:\/\/nierenzentrum-ilm-kreis.s1135308.keymachine.de\/index.php?rest_route=\/wp\/v2\/pages\/18\/revisions\/366"}],"up":[{"embeddable":true,"href":"https:\/\/nierenzentrum-ilm-kreis.s1135308.keymachine.de\/index.php?rest_route=\/wp\/v2\/pages\/16"}],"wp:attachment":[{"href":"https:\/\/nierenzentrum-ilm-kreis.s1135308.keymachine.de\/index.php?rest_route=%2Fwp%2Fv2%2Fmedia&parent=18"}],"curies":[{"name":"wp","href":"https:\/\/api.w.org\/{rel}","templated":true}]}}